*2 + 5*n + 2. Let d(u) = 3*u**3 + 18*u**2 + 10*u + 3. Let s(r) = -2*d(r) + 5*l(r). What is the tens digit of s(8)?
0
Let f be 10/(-3)*(203/(-35) - -4). Let s(b) = 12*b - 9. What is the tens digit of s(f)?
6
Suppose 74*k - j = 75*k - 4072, 3*k - 12216 = 4*j. What is the tens digit of k?
7
Let y(u) = 194*u + 37. What is the units digit of y(17)?
5
What is the units digit of -26*(-20)/(-32)*(-3 + -9)?
5
Let p(h) = 3*h**3 - 10*h**2 - 29*h + 9. What is the hundreds digit of p(8)?
6
Suppose r = -4, -2*f + 17 = -2*r - 11. Suppose -6*c + f*c = 264. What is the tens digit of c?
6
Let j = -52 - -72. Let c be (-316)/(-26) - 8/52. Suppose j = 4*l - c. What is the units digit of l?
8
Let p(z) = -z**3 + 9*z**2 - 7*z - 8. Let g be p(7). Suppose -5*c - 35 = -2*h, -g = -3*h - 2*h - 3*c. Suppose d = 3*d - h. What is the units digit of d?
5
Let z(y) = y**3 - 16*y**2 + 6*y - 15. Suppose -3*c - 3*w + 62 = 26, -c + 32 = -4*w. What is the units digit of z(c)?
1
Suppose -25*t + 22*t + 987 = 0. What is the tens digit of t?
2
Let g = 1965 - 223. What is the units digit of g?
2
Let l = -135 + 77. Let a = l - -109. What is the tens digit of a?
5
Suppose 0 = -s - 4*j + 6*j + 32, 0 = 4*s + 2*j - 178. What is the units digit of s?
2
Let t be (63 + -13)*(-2)/(-5)*3. Suppose t*k = 58*k + 266. What is the tens digit of k?
3
Let n = 10 - 9. Let d = n + -13. What is the units digit of (-1768)/(-48) + (-2)/d?
7
Let p(h) = 3*h**3 + h**2 + 16. Let c be p(5). Let a = -290 + c. What is the hundreds digit of a?
1
Let x = 797 + -555. What is the units digit of x?
2
Let x(m) = 2*m**2 + 14*m - 35. Let c be x(15). Suppose 9*g - c = -94. What is the units digit of g?
9
Let y(k) = -k + 9. Let m be y(12). Let j(d) = -3*d**3 + 3*d**2 + d - 9. What is the units digit of j(m)?
6
Suppose -301 = -5*h + 754. What is the units digit of h?
1
What is the units digit of (-69)/345*(-965 - 0)?
3
Let u = -1441 - -1021. Let l be ((-2)/(-5))/((-4)/u). Let x = l - 29. What is the units digit of x?
3
Let z = 86 - 132. Let p(g) = g**3 - 40*g**2 + 41*g - 11. Let i be p(39). Let x = i + z. What is the units digit of x?
1
Let h(r) = 8*r - 9. Suppose 7*t - 34 = -6. What is the units digit of h(t)?
3
What is the hundreds digit of (7/35)/(3/8985)?
5
Let i = 100 - 97. Let c = -2 + i. What is the units digit of c?
1
What is the units digit of (-28600)/(-24) - (-35)/(-21)?
0
Suppose z - 5*f = -10, 0*f = z + 4*f - 8. Suppose z = 3*t - 4*n - 117, -4*t = n + n - 178. What is the units digit of t?
3
Let d = 30 - -1081. What is the units digit of d?
1
Suppose 0 = 5*y - 9 - 6. Suppose 2*z - y - 3 = 0. Suppose 2*v + 2*m = -m + 88, 4*v - 158 = z*m. What is the tens digit of v?
4
Let u(m) = -8*m**2. Let k be u(2). Let s = k - -57. What is the units digit of s?
5
Suppose -2*d + 5*l + 11 = 0, -3*l + 7 = -2. Let u = 83 + -56. Suppose 0 = -4*j + u + d. What is the tens digit of j?
1
Let i be 48/(-12) + (2 - 0). What is the tens digit of (4 - -27)*-2*i?
2
Suppose 76 + 158 = -3*d. Let x = 64 - d. What is the units digit of x?
2
Let a(b) = b**3 - 11*b**2 + 11*b + 19. What is the tens digit of a(11)?
4
Let v = 96 - 89. Suppose o + 155 = 2*b, -v*o + 2*o = b - 83. What is the units digit of b?
8
What is the tens digit of (-20532)/(-33) + (-4)/22?
2
Let y(p) = 48*p + 48. Let j(l) = 7*l + 7. Let o(b) = 27*j(b) - 4*y(b). What is the units digit of o(-15)?
2
Let o be (-4)/2 - (-117 - 2). Let r = o - 59. What is the tens digit of r?
5
Suppose -6265 = -d + 3*r, 182*r - 178*r = -2*d + 12510. What is the tens digit of d?
5
Let a = 35 + -20. Suppose -8*b = -3*b - a. Suppose -b*d = -39 - 42. What is the units digit of d?
7
Let i(m) = -80*m + 626. What is the hundreds digit of i(-20)?
2
Suppose l = -3*v - 114, 2*l + 213 = -0*l - 3*v. Let x = -90 - l. What is the units digit of x?
9
Let j = -3172 + 5682. What is the tens digit of j?
1
Suppose -4*h + 15*m - 13*m + 12176 = 0, -3*m = h - 3030. What is the hundreds digit of h?
0
Let v = -307 - -206. Let i = v - -149. What is the tens digit of i?
4
Let o be ((-92)/6)/((-12)/90). Suppose b - 110 = o. Suppose -5*d = -5*j - b, -4*d + 2*j - 4*j + 162 = 0. What is the units digit of d?
2
Suppose -9 = f - 3. Let a(g) = -2*g + 3. Let s be a(f). Suppose -4*b - 5*i = -9*b + s, i = 4*b - 18. What is the units digit of b?
5
Let k(b) = 2*b**2 - 24*b - 4. What is the hundreds digit of k(20)?
3
Let y(d) = d**3 + 29*d**2 - 18*d - 36. What is the tens digit of y(-18)?
5
Let i = -34 + 36. Suppose 0*n + 150 = i*n. What is the units digit of n?
5
Let j = 9 + -15. Let t be -3 + 0/2 - j. Suppose 5*c = y + t*y - 35, 0 = 2*c - 10. What is the units digit of y?
5
Let w = 1690 + -816. What is the tens digit of w?
7
Let t = -21 + 23. Suppose t*o - 3*c - 2 = 9, 4*o - 13 = -3*c. Suppose 4*d + d - 165 = 5*a, o = -4*a. What is the tens digit of d?
3
Suppose 3*m + 2*m - 3*v - 116 = 0, -4*v - 96 = -4*m. Let t = m - 12. What is the tens digit of ((-24)/t)/(2/(-10))?
1
What is the units digit of 1 + 108 - (0/6)/4?
9
Suppose 4*u = -2*f + 662, 4*u = -3*f + 751 + 246. Suppose -4*o = -5*r + f, r - o - 67 = 4*o. Let l = 97 - r. What is the units digit of l?
0
Let c(b) = b**3 - 2*b**2 + 2*b - 4. Let m be c(3). Let a(w) = w**2 - 10*w + 1. Let h be a(m). Let i = h + 4. What is the tens digit of i?
1
Let l(h) = 13*h - 3. Let d be (6*(-3)/6)/(-1). Let c = 5 - d. What is the tens digit of l(c)?
2
Let f = 22 - 29. What is the tens digit of (-12 + 3)*14/f?
1
Suppose i = -i + 36. Let o = -13 + i. What is the units digit of 3*((-295)/(-3))/o?
9
Let k = 21 - 21. Suppose k*p - 104 = -p. What is the units digit of (p/(-16))/((-2)/4)?
3
Let r(b) be the second derivative of b**5/20 - b**4 + b**3/6 + 2*b**2 + 6*b. What is the tens digit of r(12)?
1
Suppose -f - 23 = -4*x + 1431, -5*x = 5*f - 1830. What is the hundreds digit of x?
3
Suppose -54*x + 65*x - 792 = 0. What is the units digit of x?
2
Suppose 4*v = 28 + 68. Suppose 0 = 2*b - 20 - v. What is the tens digit of b?
2
Let a(p) = -p + 22. Let b be a(20). Suppose 2*c = -b*c + 328. What is the units digit of c?
2
Suppose h + 10 = -1. Let m(u) = 2*u**2 + 14*u + 32. What is the tens digit of m(h)?
2
Suppose 9 = -3*r, -3*g - 2*r + 22168 - 2827 = 0. What is the tens digit of g?
4
Let y(c) = -28 - 14*c + 3*c - c**2 + 45. What is the tens digit of y(-10)?
2
Suppose -6*s + 7*s + 385 = 2*h, 0 = -s + 1. What is the hundreds digit of h?
1
Suppose -5*l = -t + 3337, -t + 4*l = l - 3345. What is the hundreds digit of t?
3
Suppose -w = 69 + 79. Let l = -79 - w. What is the tens digit of l?
6
Let u be 1 + 3 + 32/8. Let b be 3 + -6 + (u - 4). What is the tens digit of ((b - 0) + -2)*-19?
1
Let f = 1 + -3. Let j be f/7 + (-384)/(-21). What is the units digit of 9/j + (-2)/(-4)?
1
Let n(y) = y**3 - y**2 + 7*y. Let o be n(5). Let k = o + -19. What is the tens digit of k?
1
Let x(p) = 2*p**3 - 26*p**2 + 4*p - 15. Let z be x(13). Suppose -c + 194 - z = 0. What is the units digit of c?
7
What is the tens digit of 268/((-14)/(-56) + (-2)/(-8))?
3
Let a be 9/(-12) + (-1 - 26877/(-12)). What is the tens digit of (-3)/(-15) + a/10 + 5?
2
Let l(s) = -15*s**3 - 13*s**2 + 5*s + 21. What is the thousands digit of l(-6)?
2
Let t = 36 + -26. Suppose -2*b + 2*l = 3*b + 4, 0 = 2*b + 5*l - t. What is the units digit of -3 + 19 + b/(-2)?
6
Let z be ((-301)/3)/(6/(-54)*3). Let i = -71 + z. What is the units digit of i?
0
Let o(i) = -i + 3 + 2 + 3. Let p be o(6). What is the units digit of (p/6)/(4/72)?
6
Let m be (-60)/75*10/4. Let o be 37/(-4) + m/(-8). Let w = o - -30. What is the tens digit of w?
2
Let a = 5 + 59. Suppose 3*w - 23 - a = 3*t, -4*t = 3*w - 73. Suppose -5*m + w = -2*m. What is the units digit of m?
9
Suppose 3*m - 22 + 7 = 0. Let f(s) = 6 + 0 - 2*s**2 + s**3 + 11*s**2 - 7*s**2 - 7*s**2. What is the units digit of f(m)?
6
Let s(y) = 8*y**2 - y**3 - 12*y - 8 + 10*y + 14*y. What is the units digit of s(9)?
9
Let k(l) = l**2 - 7*l - 10. Let w be k(9). Suppose 4*q = w*q - 24. Suppose 3*h - q = 0, -8*h + 4*h = -3*g + 85. What is the tens digit of g?
3
Let n(b) = 6*b - 5. Let c(h) = -h**2 + 12*h + 16. Let m = 39 + -26. Let k be c(m). What is the units digit of n(k)?
3
Suppose 8*a - 13*a = 4*l - 309, -3*a + 315 = 4*l. What is the units digit of l?
1
Let i be -8 - (-4)/16*0. Let p be (2/(-4))/(1/i). Let x = 13 + p. What is the u